 17*p**2 + 2*p + 1. Let o(b) = 71*b**2 + 9*b + 2. Let r(q) = -4*j(q) + o(q). Determine r(-2).
8
Suppose -3*q + 1 = j - 3, -5*q + 5*j + 20 = 0. Let h(z) = -16 - z + 1 + 16 - z - 5. Calculate h(q).
-8
Suppose 144 = 5*n + 15*n + 16*n. Let u(v) = -12*v - 15. What is u(n)?
-63
Let p be 24/(-24)*(-102)/3. Let d(l) = -41*l + 6 + l**2 + 2*l + p*l. Calculate d(3).
0
Let c(n) = 175 + 3*n**2 - 20*n - 174 + 2*n**2. Let o(r) = 14*r**2 - 58*r + 3. Let d(a) = -11*c(a) + 4*o(a). Give d(12).
1
Let c = 5991 - 5996. Let p(i) = 2*i**2 + 2*i - 14. Give p(c).
26
Let g(o) = -o**3 - 2*o**2 + 7*o + 2. Let i(m) = 108*m - 2272. Let h be i(21). What is g(h)?
6
Let k(j) = j**2 - 12*j + 7. Suppose -24*n + 18*n = -1458. Let o = n - 235. Determine k(o).
-25
Let g = 820 - 475. Let d(p) = -p - 2*p - 348 + g + p**3 - p**2. Give d(-2).
-9
Let a = 1477 - 1477. Let h(d) = d**3 + 3*d + 5. Determine h(a).
5
Let o(x) = -5 + 267*x + 3*x**2 + x**3 - 271*x + 6. Let g be ((-30)/25)/(6/15). Calculate o(g).
13
Let s(m) = -6*m + 7*m - 1 + 1. Suppose -z = -4*z + 21. Suppose 5*c + g = 6*c + 5, -z = -c - 3*g. Determine s(c).
-2
Let d(u) = u**2 + 8*u - 2. Let v(n) be the first derivative of -n**4/4 - 22*n**3/3 - 28*n**2 + 11*n + 67. Let i be v(-19). What is d(i)?
-2
Let b(p) = 7*p**2 + 5. Let o = 6257 - 6260. Calculate b(o).
68
Let y(x) = -2*x**2 - 2*x + 40. Let f = 16593 - 16589. Calculate y(f).
0
Let d(q) be the second derivative of -7 - 1/2*q**3 - 2*q + 2*q**2. Give d(-6).
22
Let f(o) = o**2 - 23*o + 24. Let y(j) = j**2 - 20*j + 22. Let a(w) = w**2 - 19*w + 21. Let k(z) = -4*a(z) + 5*y(z). Let b(d) = -7*f(d) + 6*k(d). What is b(16)?
4
Suppose -3*g = -5*y + 1025, -y = -5*g - 0*g - 1745. Let d = 346 + g. Let k(z) = z**3 + 3*z**2 - 3. Calculate k(d).
-19
Let a(g) be the third derivative of -g**6/60 + g**5/15 - g**4/8 + g**3/3 - 44*g**2. Suppose 0 = x - 2 - 8. Suppose 5*k - x = -0*k. What is a(k)?
-4
Let b = 5478 - 5485. Let s(z) be the second derivative of 2/3*z**3 + 5/2*z**2 + 3*z + 0. Calculate s(b).
-23
Let o(w) = w**3 + 10*w**2 + 22*w + 46. Let t = 4016 + -4024. Give o(t).
-2
Let y(n) = n + 10. Let t be y(-7). Let h(d) = 7*d - 4*d - 5*d + 10*d + 5*d - t. What is h(-3)?
-42
Let i be 1/(-8) - ((-85)/40 + 1). Let t be i*-1 - (2 - 4). Let z(d) = -2*d**3 - d**2 - d + 1. Determine z(t).
-3
Suppose -1810 - 3572 = 26*g. Let c = 217 + g. Let l(a) = a**3 - 10*a**2 - a + 14. What is l(c)?
4
Let c(u) be the first derivative of -u**4/4 + 11*u**3/3 - 6*u**2 - 20*u + 115. Give c(10).
-40
Suppose -4*v + 5*j = 35, 0 = -0*v + 2*v - 3*j + 15. Let q(o) be the third derivative of o**6/120 + 7*o**5/30 - 2*o**4/3 - 10*o**3/3 - 2760*o**2. What is q(v)?
-5
Let p(s) be the third derivative of 7*s**5/60 + s**4/8 + s**3/3 - 28*s**2. What is p(-2)?
24
Let n(z) be the second derivative of 0 + z**3 + 1/12*z**4 + 83*z - 9/2*z**2. Determine n(-7).
-2
Let m(n) = 6*n**2 - 69 + 31*n - 3*n - 7*n**2. Let c be m(25). Let f(x) = -2*x + 8. Calculate f(c).
-4
Let z(v) = -v**3 - 30*v**2 + 22*v - 274. Let l be z(-31). Let k(m) = -m**2 + 10*m - 9. What is k(l)?
16
Suppose 291 = 209*p - 181*p + 11. Let j(q) = -q**3 + 11*q**2 - 8*q - 8. Calculate j(p).
12
Let s = -8360 + 8373. Let q(m) be the third derivative of 0*m + 1/10*m**5 - s*m**2 - 1/120*m**6 + 0 - 5/24*m**4 - 2/3*m**3. Calculate q(5).
-4
Let s(u) = 8 - 3 - 2*u - 2 + 3. Let z be s(1). Let t(l) = 0*l - 3*l + l - 2. Give t(z).
-10
Suppose 0 = -2*x + 20 - 18. Let k(u) = -2*u**3 - u + 4. Let v(d) = -3*d**3 - 3*d + 11. Let m(p) = -5*k(p) + 2*v(p). Determine m(x).
5
Let q(u) = 29 - 1 + 33*u - 7 - 9 - 9. Determine q(-2).
-63
Let v(r) = -r**3 + 8*r**2 - 9*r + 5. Let k = -238 + 242. Suppose -3*i = k*c - 33, 2*c = 2 + 4. Give v(i).
-9
Let x(a) = -11*a - 14*a - 2 + 20*a. Let t = 54 + -51. Let q(y) = 2*y**2 - 7*y. Let c be q(t). Determine x(c).
13
Let j(c) = -2*c**3 + 12*c**2 + c + 2. Let n(m) = -19*m**3 + 99*m**2 + 58*m + 21. Let w(s) = -9*j(s) + n(s). What is w(4)?
-9
Let j(k) = k**3 - 13*k**2 - 67*k - 37. Suppose 6193 - 957 = 308*d. Calculate j(d).
-20
Let m be (-1703)/(-2751)*(-7)/(-2). Let o(d) be the second derivative of m*d**3 - 8*d**2 + 1/20*d**5 + 17*d + 0 - d**4. Give o(11).
6
Let v(x) = -178*x - 189. Let s be v(-1). Let t(c) = -5*c - 24. What is t(s)?
31
Let o(w) = -w. Let y(t) = -t - 5. Let r be y(-3). Let v be (r/(-4))/(4/192). Suppose -v*c + 20*c + 12 = 0. What is o(c)?
-3
Suppose -2*i = -3*v - 155, -2*v - 195 = 2*v - 5*i. Let k = 62 + v. Let c(l) be the first derivative of -l**2/2 + 8*l + 3. Determine c(k).
1
Let v(j) = -9*j**2 + 31*j + 27. Let q(h) = 20*h**2 - 70*h - 55. Let b(r) = -4*q(r) - 9*v(r). What is b(-7)?
19
Let p(a) = -122*a**2 + 47*a**2 + 77*a**2 + 8*a. Determine p(0).
0
Suppose -24*u - 5*l = -25*u - 5, 3*l - 3 = 0. Let i(z) = z**2 - 3*z + 50. Give i(u).
50
Let q(g) = 22*g + 1. Let f(w) = -w**3 + 205*w**2 - 803*w - 4. Let a be f(4). Determine q(a).
1
Let s(h) be the third derivative of h**4/8 + 71*h**3/6 + 1155*h**2. Give s(-22).
5
Let h(f) = 59*f**2 - 1 - 18*f**2 - 44*f**2 + 13*f. Give h(7).
-57
Let p(n) = -23*n**2 - 2 + 10*n**2 + n + 3*n**2 - 5*n + 9*n**2. Let l be (8/20)/(24/(-20) - -1). Calculate p(l).
2
Suppose 745 = -15*n + 10*n. Let h = 89 + n. Let g = -61 - h. Let t(l) = 8*l - 1. Determine t(g).
-9
Let u(i) = -i**2 - 6*i - 1. Let c = -153 - -156. Suppose -3*b + x - 12 = -x, 0 = 2*b - c*x + 8. Determine u(b).
7
Let y(h) = -2*h**2 - 3*h - 3. Let b(v) = -5*v**2 - 6*v + 34. Let p(m) = b(m) - 2*y(m). Determine p(6).
4
Let u(b) be the first derivative of -b**7/840 - b**6/60 + b**5/20 + b**4/6 + 115*b**3/3 + 5. Let v(h) be the third derivative of u(h). What is v(-7)?
11
Let q be ((-60)/70)/(2/14). Let k(i) = i**3 - 7*i**2 + 6*i - 2. Let z(j) = 2*j**3 - 14*j**2 + 12*j - 5. Let v(m) = q*z(m) + 11*k(m). Give v(6).
8
Let g(f) = 88*f + 62. Let z(x) = -21*x - 17. Let m(c) = -2*g(c) - 9*z(c). Calculate m(5).
94
Let p = 108 - 93. Suppose 2*y + 15 - p = 0. Let d(c) = -c**2 - 15. What is d(y)?
-15
Suppose -13*t = -0 - 39. Let q(j) = -j**2 - j - t*j**2 - 2*j**3 + 3*j**3 - 3*j**3. Calculate q(-3).
21
Let b(h) be the second derivative of h**4/24 - h**3/6 - 13*h**2/2 + h - 10. Let u(y) be the first derivative of b(y). What is u(8)?
7
Let z(i) = 31*i**2 + 3*i + 11. Let x(j) = 23*j**2 + 4*j + 10. Let c(m) = 4*x(m) - 3*z(m). Give c(4).
19
Suppose 3*d = 3, 97*d = j + 99*d + 4. Let t(w) = 8*w + 55. Determine t(j).
7
Let y(c) be the third derivative of c**4/24 + 13*c**3/6 - c**2 + 26*c. Let d = -36 + 26. Calculate y(d).
3
Let a(b) = 2*b**2 + 4*b - 1. Let g be a(1). Suppose -13*q + 10*q + g*j = 38, 3*j - 24 = 2*q. Let l(v) = 2*v**2 + 6*v - 8. Give l(q).
28
Let s(d) be the first derivative of -7*d - 5*d**2 - 1/3*d**3 + 32. Give s(-10).
-7
Let l(p) be the first derivative of p**3/3 - 7*p**2 + 17*p - 718. Give l(12).
-7
Let t(a) be the third derivative of -a**5/60 + a**4/6 - 13*a**3/2 + 21*a**2 - 3. Let r(w) be the first derivative of t(w). Suppose d - 16 = -3*d. Give r(d).
-4
Suppose -16 - 4 = -5*c. Let k(i) = c - 80*i**2 + 79*i**2 - 5 - 3*i + 2. Let x = -6 - -3. Give k(x).
1
Let y(r) = 0*r + 1 + 3*r + 2*r**2 + 0*r**2. Let g(k) = -608*k - 37091. Let n be g(-61). Give y(n).
10
Let b(a) be the third derivative of a**5/60 - a**4/8 - 149*a**3/3 - a**2 + 7*a. Let p(v) be the first derivative of b(v). Calculate p(4).
5
Let t = -83 + 127. Suppose 7*q + 4*q - t = 0. Let h(w) = w**3 - 4*w**2 + 2*w - 5. What is h(q)?
3
Let c(i) = -7*i. Let f be (-2 - -3)*0/(8/(-4)). Let a be (-11 - -1) + 6 - (-11 - f). Let p(t) = -t**3 + 9*t**2 - 13*t - 6. Let n be p(a). Calculate c(n).
-7
Let m be (-10)/(-25) + 1102/145. Let f(q) be the first derivative of q**3/3 - 7*q**2/2 - 5*q + 1. Give f(m).
3
Let j = 203 - 207. Suppose -8 = 3*g + 22. Let f be j + 2/(g/(-5)). Let d(l) = 2*l**2 - 4*l - 2. Calculate d(f).
28
Let n = 457 - 447. Let c(o) = o**2 + 10 + 3*o - 1 - 39 + o**3 + n - 4*o. What is c(0)?
-20
Let a(c) be the third derivative of -c**6/120 + c**5/10 + 5*c**4/24 + 7*c**3/6 - c**2. Let z = -277697 + 277703. Determine a(z).
37
Let m(b) = b**2 + 3*b + 3. Suppose -q - 3*f + 10 = 0, 3*q - 47 = q + 3*f. Let d be (-106)/(-6) - 10/15. Let u = d - q. Determine m(u).
1
Suppose v - 35 = 6*v. Let x(u) be the third derivative of u**4/24 - u**3/3 + 916*u**2 + 2*u. Calculate x(v).
-9
Let u(z) = -739 - 2*z**2 + 727 - 1